*v - 2 = 0. Let n(f) = 0*f - 485*f**3 + 0*f - 2 - 3*f - f - 2*f**2. Is n(v) a prime number?
False
Suppose 4*i - 4*v = 8*i - 87724, -4*i - 2*v = -87716. Is i composite?
True
Let t be (-55)/15*18/(-3). Let y = t - 17. Suppose -y*p = -2659 - 486. Is p a prime number?
False
Suppose -p = 3*d - 16, 6*d = 8*d - 2. Let g(k) = -348*k + 13. Let x(o) = -697*o + 28. Let q(b) = p*g(b) - 6*x(b). Is q(-14) a composite number?
False
Let k = -39 + 43. Suppose 4*p = -3*l + 10762, 2*p - 7*p + 13439 = -3*l. Suppose -p + 6837 = k*u. Is u a prime number?
False
Let r = -84 + 83. Let w be ((-30)/(-25))/((-7)/(-5) + r). Suppose -w*t - 620 = -5*f, f = -4*f - 4*t + 655. Is f composite?
False
Let r(d) = -526*d**3 + 5*d**2 - 11*d - 85. Is r(-7) a composite number?
True
Suppose 4*y + 3*z = 20147, 9 = -48*z + 45*z. Is y a prime number?
True
Suppose 4 = 4*k, 0 = -2*l + 5*k - 226 + 1459. Let s(p) = -6*p**2 - 6*p - 8. Let r be s(-9). Let t = l + r. Is t a prime number?
True
Suppose -2*v - 7 = 1, 5*o - 114843 = -3*v. Let z = o - 15192. Is 4/(-14) - z/(-7) prime?
False
Suppose p - 80 = -5*c, -5*c = -0*p - 3*p + 260. Suppose -16310 = -2*w + p*b - 89*b, 5*w - 40747 = -3*b. Is w composite?
False
Let g = 155 + -134. Suppose g*r = -27770 + 135857. Is r composite?
False
Let h(j) = -6912*j**2 + 57*j - 59. Let r(z) = 3456*z**2 - 28*z + 29. Let d(w) = -3*h(w) - 5*r(w). Is d(1) prime?
True
Let h(j) = -9*j**2 - 2*j - 4. Let c be h(-3). Let u = c - -118. Suppose 4*p - 875 = -u. Is p prime?
False
Suppose 5*b - 617081 - 187029 = -5*y, -3*y - b = -482456. Is y composite?
False
Is 18/(-216) + -1 + (-14193889)/(-12) composite?
True
Let p be (-22)/(-3)*(-27)/(-6). Suppose 0 = -4*w + p + 3. Is 876 + w/(-2 - -5) composite?
True
Let b(c) = -c**2 + 136*c - 1609. Is b(64) prime?
True
Let h = -49808 - -101821. Is h prime?
False
Suppose -4*x + 7 = 4*i + 3, 4*i = 4*x + 4. Let s be (6*((-4)/8 + 1))/i. Suppose v = 3*f + 1672, s*v - 3289 = v - 5*f. Is v a composite number?
False
Let f = 69 + -65. Suppose -f*h + 5 + 10 = 5*s, -2*h + 4*s + 14 = 0. Is (h/15)/((-2)/12) + 361 prime?
True
Suppose 5*w - 7*w - 2 = 0, 4*c = 4*w + 12. Suppose 0 = -c*h - 6*h. Is 2*((2 - h) + (-1545)/(-6)) prime?
False
Let w = 85 - 87. Let v be 38/12 + w*2/24. Suppose -c + 2138 = -4*l + l, v*l - 8507 = -4*c. Is c a composite number?
False
Is (4 - -2810) + -3 + 1 + 7 prime?
True
Suppose 2*r - 489*q - 412014 = -485*q, -q = 8. Is r composite?
False
Suppose -a + n = 0, 3*a - 2*n = -2*a. Let v be (0 + a/2)*(25 + -24). Suppose 7*u - 1932 + 371 = v. Is u a prime number?
True
Suppose 4201169 = -68929*t + 68936*t. Is t a prime number?
True
Suppose 4*i - 6 = 74. Let n be ((-248)/6)/((i/282)/(-5)). Suppose 3*l + 15 = 0, 4*r = 3*r - 5*l + n. Is r a composite number?
False
Suppose -3*s = -5*s - 5*a + 786926, -5*s + 3*a = -1967377. Is s prime?
True
Let t be -3 + ((-8)/64 - 439602/(-16)). Suppose 6*r + t = 108682. Is r prime?
False
Let m(y) = 6794*y**2 + 7*y + 16. Is m(-3) prime?
True
Suppose -18697 - 8702 = -91*x + 88*x. Is x a composite number?
False
Let t = -134456 - -260139. Is t composite?
False
Let v(i) be the third derivative of 323*i**4/24 - 19*i**3/6 + 8*i**2 + 5*i. Let j(z) = 2*z**2 - 3*z + 2. Let r be j(2). Is v(r) a composite number?
True
Suppose -n + 175 = 170. Suppose 5*w + k - 5380 = -2*k, -5360 = -n*w + k. Is w prime?
False
Suppose -7*x = x - 64. Is (29*1)/(981/(-123) + x) a composite number?
True
Let c = -379208 + 1235059. Is c a composite number?
False
Suppose -392649 = 5*r + 3*s, 4*r - 142382 = -4*s - 456498. Let m = r + 149746. Is m composite?
True
Suppose -33637 = -21*b + 40850. Is b composite?
False
Let g be (-95)/19*(-2)/(-1). Let c(y) = 8 - y + 1 + 18 - 3*y. Is c(g) a prime number?
True
Let s = -344 + 359. Suppose s*q = 14*q + 2435. Is q a composite number?
True
Suppose 0 = -4*m - 4*p + 784 + 428, m + 3*p = 313. Is m composite?
True
Let r(p) = 11*p**2 + 24*p + 14. Let l(x) = -x**2 - x - 1. Let h(k) = -k**2 + k + 11. Let z(i) = -h(i) + 2*l(i). Let u be z(-3). Is r(u) composite?
True
Suppose 8*r - 5*r + 6 = 0, 3*j - 5*r = -2. Let i(v) = 726*v**2 - 6*v - 6. Let x be i(j). Is (-2)/((-12)/x) - (1 + 1) composite?
True
Let w = 158699 + 370064. Is w a prime number?
True
Let h(f) = 11*f**2 + 69*f - 1099. Is h(13) a composite number?
False
Is 5/(10/29523) - 470/188 a composite number?
False
Suppose -8830070 = -493*s + 135*s. Is s a prime number?
False
Let u(a) = 15*a**3 - 11*a**2 - 77*a + 8. Is u(15) a prime number?
False
Let d(m) = 4931*m**2 + 8*m - 65. Is d(6) prime?
False
Let y(x) be the third derivative of -x**6/20 - 2*x**5/15 - 5*x**4/8 + 10*x**3/3 - 4*x**2 - 2. Is y(-9) prime?
True
Let d = 45 + -18. Suppose d*n + 8 = 25*n. Let w(a) = -66*a**3 + 7*a**2 + 7*a - 1. Is w(n) a prime number?
False
Suppose -111 = -2*q - 121, -4*w - 2*q + 1659786 = 0. Is w composite?
False
Let y(i) = 1139*i**2 - 230*i + 2008. Is y(9) a composite number?
True
Let k(p) = -p**3 - 16*p**2 - 17*p + 35. Let w(v) = -12*v - 5. Let t be w(-3). Suppose c = -4*b + 4, 5*c + t + 24 = -5*b. Is k(c) composite?
False
Suppose -7*m + 28*m = 496797 + 16053660. Is m composite?
True
Suppose -5*u - 9 = 93*l - 90*l, l - u = 5. Suppose 6*a + 22554 = 9*a. Suppose l*r - 8*r = -a. Is r prime?
False
Let x(n) = -68938*n - 714. Is x(-4) composite?
True
Is (4/(-20) + 0)/((-7)/35)*118343 a composite number?
False
Let p(u) = -u + 46. Let m be p(46). Suppose m = 45*b - 22666 - 4964. Is b prime?
False
Let g be 15/(-1*(5 - 4)). Is 87/g + 6 - 12564/(-5) prime?
False
Is (12 + 3)/(-3)*204242/(-10) composite?
False
Is 202/6*(2943 - 156) composite?
True
Suppose -1212*c + 1208*c = 4, 4*f = c + 74117. Is f a prime number?
False
Suppose 7465*h = 7510*h - 3346695. Is h prime?
False
Suppose -5*y - 4*a + 2616 = -6*y, -2595 = y + 3*a. Let n = y + 4489. Suppose n = -9*b + 14*b. Is b composite?
True
Let m(u) = 2637*u**3 + u**2 + 60*u - 149. Is m(3) composite?
True
Let r(b) be the first derivative of -2*b**2 - 19*b + 5. Let h be r(-6). Suppose -h*y + 3*y + 1102 = 0. Is y a prime number?
False
Is -4 - (15245/(-20))/(((-10)/(-5))/24) prime?
False
Let i = 255 - 250. Is 10259/2 - i/10*1 prime?
False
Let j(b) be the first derivative of 435*b**2/2 - 249*b - 43. Is j(12) a prime number?
False
Let x(n) = 25*n**2 + 41*n + 547. Is x(-9) a prime number?
True
Let f(y) = -6464*y - 103. Is f(-3) prime?
True
Let q = 15748 - 692. Suppose -2*h - 52643 = -5*c, -5*c - 4*h + q = -37593. Is c prime?
True
Let k(r) = -268*r - 15. Suppose 0 = 6*t - 9*t - 2*x - 49, 0 = -3*t - 4*x - 41. Is k(t) composite?
False
Let o = -31397 + 46850. Suppose -3*x + 4*p = -o, 10*x = 8*x + 3*p + 10303. Is x prime?
True
Let s(d) = -8*d**3 - 7*d**2 + 6*d + 8. Let x(q) = -q**3 + 2*q**3 - 2*q**2 - 2*q**3 + q + 3*q**2 + 1. Let g(m) = s(m) - 6*x(m). Is g(-8) prime?
False
Let o(y) = -10266*y - 813. Is o(-6) a prime number?
False
Let j be (-24)/(-10)*(-1230)/(-4). Let r(v) = 25*v - 770. Let i be r(39). Let h = j - i. Is h a composite number?
True
Let x(g) = -2*g**3 - 21*g**2 + 75*g + 4. Let k be x(-14). Suppose -t + 1033 + k = -5*m, m + 2754 = 2*t. Is t prime?
False
Is (-26856 - 6/(-2))*(20 + -21) a composite number?
True
Suppose -62632 = -26*z + 10350. Suppose 0 = 3*a - 2*b + 17, 4*a + 24 = -2*b + 6. Is 51/12 + a - z/(-4) prime?
True
Suppose -22*i - 7*i = 36*i - 15207985. Is i a composite number?
False
Let j = -514 - -518. Suppose -4*p - 2431 = -q + 2934, j*p + 16071 = 3*q. Is q composite?
True
Let z = 4047868 - 2531015. Is z a composite number?
True
Let r = -73265 - -121876. Is r prime?
True
Let i(l) = l**2 + 6*l + 2. Let g be i(-4). Let h be ((-36)/21)/g + 6718/7. Suppose 0 = -n + 127 + h. Is n prime?
True
Suppose o + x + 4966 = 0, 2*o - x + 11369 = 1431. Suppose -7489 = -3*w + 4*w. Let f = o - w. Is f a prime number?
True
Let f = -597 - -600. Is 11157*((-1)/f - (-4)/6) a composite number?
False
Suppose -2*h = 4*y - 175590 + 70486, 5*y - h - 131380 = 0. Suppose -y = 14*b - 179758. Is b a composite number?
True
Suppose 22767028 = 33*v + 3784207. Is v composite?
True
Let y = -287 + 291. Suppose 0 = 4*m - y*b - 4252, -4*b = m + 60 - 1143. Is m prime?
False
Suppose 30*f = 32*f + 3114. Let g = 3100 + f. Is g composite?
False
Let f(y) = -y**3 - 79*y**2 - 364*y + 144. Let u be f(-74). Let c = 410 - -627. Let l = c - u. Is l composite?
True
Let p(z) = 9848